 372?
93
What is the highest common divisor of 1070 and 130?
10
What is the highest common factor of 233988 and 24?
12
Calculate the greatest common factor of 7804 and 8.
4
What is the greatest common factor of 840 and 147990?
30
What is the greatest common factor of 7 and 2681749?
7
Calculate the highest common factor of 51840 and 2610.
90
What is the greatest common divisor of 7983 and 63?
9
Calculate the greatest common factor of 67 and 3617.
1
What is the greatest common factor of 58 and 21982?
58
Calculate the greatest common factor of 2064 and 9072.
48
Calculate the greatest common factor of 9855 and 292.
73
What is the greatest common divisor of 75 and 648?
3
What is the greatest common factor of 14 and 1182818?
14
What is the highest common factor of 226 and 352673?
113
Calculate the highest common factor of 1007 and 114109.
53
What is the greatest common divisor of 420410 and 170?
170
What is the highest common divisor of 142242 and 3171?
453
What is the highest common divisor of 159384 and 20532?
348
What is the highest common divisor of 5 and 150515?
5
What is the greatest common divisor of 4122 and 72?
18
What is the greatest common divisor of 92428 and 1946?
14
What is the highest common factor of 106170 and 310?
10
Calculate the greatest common divisor of 170 and 27846.
34
What is the greatest common factor of 35344 and 2528?
16
What is the highest common factor of 7220 and 30400?
380
What is the greatest common divisor of 386765 and 3605?
515
What is the highest common divisor of 134862 and 104?
26
Calculate the greatest common divisor of 12 and 2607684.
12
What is the greatest common factor of 160 and 1485340?
20
What is the highest common divisor of 613868 and 415?
83
Calculate the greatest common factor of 310 and 62.
62
Calculate the highest common divisor of 1056 and 1068.
12
What is the greatest common factor of 147 and 6041?
7
What is the highest common factor of 207 and 392219?
23
What is the highest common divisor of 1 and 177?
1
What is the highest common factor of 209640 and 600?
120
Calculate the greatest common divisor of 32757 and 244.
61
Calculate the highest common factor of 810 and 330255.
45
Calculate the greatest common divisor of 533 and 82.
41
What is the highest common divisor of 437869 and 5391?
599
What is the greatest common divisor of 5598800 and 400?
400
What is the highest common divisor of 2176 and 22729?
17
Calculate the highest common divisor of 475812 and 36.
36
Calculate the greatest common factor of 114195 and 14145.
345
What is the highest common divisor of 27869 and 319?
29
Calculate the greatest common factor of 166850 and 710.
710
Calculate the greatest common factor of 102934 and 52.
26
Calculate the highest common divisor of 12 and 341208.
12
Calculate the greatest common divisor of 870 and 307170.
30
What is the highest common factor of 220022 and 274?
274
What is the greatest common divisor of 1435681 and 13?
13
Calculate the highest common divisor of 38 and 727681.
19
What is the highest common factor of 192 and 306?
6
Calculate the greatest common factor of 660 and 70.
10
Calculate the greatest common divisor of 296730 and 5.
5
What is the greatest common factor of 66 and 7603068?
66
What is the highest common factor of 1384 and 2040?
8
Calculate the highest common divisor of 10893474 and 54.
54
What is the highest common factor of 4494 and 79842?
42
Calculate the highest common divisor of 528825 and 220.
55
Calculate the greatest common factor of 437931 and 2955.
591
What is the highest common divisor of 46368 and 120?
24
Calculate the highest common divisor of 221 and 4149275.
221
Calculate the highest common divisor of 10194 and 342.
6
What is the greatest common divisor of 2100000 and 525?
525
What is the highest common divisor of 29151 and 25122?
237
What is the greatest common factor of 576 and 77616?
144
Calculate the highest common divisor of 39 and 2424253.
13
What is the greatest common factor of 456 and 45429?
57
What is the greatest common divisor of 1600 and 128600?
200
Calculate the highest common factor of 86960 and 360.
40
Calculate the greatest common factor of 52 and 19444.
4
Calculate the highest common factor of 230 and 22678.
46
What is the highest common factor of 384 and 7032?
24
Calculate the highest common divisor of 171 and 570171.
57
Calculate the highest common factor of 754314 and 726.
726
What is the highest common factor of 53408 and 448?
32
What is the greatest common divisor of 569420 and 40?
20
Calculate the greatest common factor of 5040 and 792288.
1008
What is the greatest common factor of 15637 and 3667?
19
Calculate the greatest common factor of 26464 and 92.
4
Calculate the greatest common factor of 4898 and 13609.
31
What is the greatest common divisor of 112606 and 355?
71
What is the highest common divisor of 1032 and 335099?
43
Calculate the highest common divisor of 82 and 4034523.
41
Calculate the highest common factor of 27230 and 2170.
70
What is the highest common factor of 1420090 and 70?
70
What is the greatest common divisor of 883 and 318763?
883
What is the highest common divisor of 309108 and 14?
2
What is the greatest common factor of 388 and 8?
4
What is the highest common divisor of 96811 and 143?
143
What is the greatest common divisor of 17 and 1018?
1
Calculate the greatest common divisor of 26395 and 5.
5
Calculate the highest common factor of 52 and 316108.
52
What is the greatest common divisor of 54 and 1783161?
27
Calculate the greatest common factor of 22 and 47509.
11
What is the highest common divisor of 917 and 2604149?
131
Calculate the highest common divisor of 255 and 4760.
85
Calculate the greatest common divisor of 54894 and 329.
7
What is the highest common factor of 123 and 932012?
41
What is the highest common factor of 108809 and 1537?
53
What is the greatest common factor of 48 and 7184?
16
What is the greatest common divisor of 750 and 365175?
75
Calculate the greatest common factor of 3804 and 919617.
951
What is the greatest common factor of 9639 and 24?
3
Calculate the highest common divisor of 130 and 33007.
13
Calculate the greatest common divisor of 779 and 8284.
19
What is the highest common factor of 351 and 27963?
117
Calculate the greatest common divisor of 673623 and 21411.
1647
Calculate the greatest common factor of 495 and 12485.
55
Calculate the highest common divisor of 12247 and 993.
331
Calculate the greatest common divisor of 246359 and 134.
67
Calculate the greatest common factor of 282 and 61758.
282
What is the highest common factor of 26145 and 5775?
105
Calculate the greatest common divisor of 945330 and 420.
30
Calculate the greatest common factor of 976160 and 2.
2
What is the greatest common divisor of 120 and 152340?
60
Calculate the greatest common divisor of 140 and 250.
10
What is the highest common factor of 5763 and 510?
51
What is the greatest common factor of 38000 and 532?
76
Calculate the highest common factor of 60244 and 16.
4
Calculate the highest common factor of 174540 and 32.
4
Calculate the highest common factor of 219398 and 326.
326
Calculate the greatest common divisor of 12 and 7993.
1
What is the highest common divisor of 515933 and 979?
979
Calculate the greatest common factor of 232 and 644.
4
What is the highest common factor of 7280 and 1703?
13
What is the highest common factor of 2756 and 1219?
53
What is the highest common factor of 770808 and 48?
24
What is the greatest common divisor of 3006 and 7682?
334
What is the greatest common divisor of 416 and 256672?
416
What is the highest common divisor of 15397 and 23701?
173
What is the greatest common factor of 68355 and 1295?
35
What is the greatest common divisor of 3375 and 3225?
75
What is the greatest common divisor of 44 and 1907620?
44
What is the greatest common factor of 13608 and 1736?
56
What is the greatest common factor of 102354 and 14?
14
Calculate the greatest common divisor of 20 and 936860.
20
What is the greatest common divisor of 50658 and 13?
1
What is the highest common divisor of 880515 and 204?
51
What is the greatest common divisor of 580932 and 9291?
489
What is the highest common factor of 250 and 452125?
125
What is the greatest common divisor of 1708 and 118664?
28
Wha